{"id":43,"date":"2014-10-17T12:01:12","date_gmt":"2014-10-17T11:01:12","guid":{"rendered":"http:\/\/192.168.0.15\/?page_id=43"},"modified":"2022-09-12T18:15:01","modified_gmt":"2022-09-12T17:15:01","slug":"auszeichnungen","status":"publish","type":"page","link":"https:\/\/www.svruehlerfeld.de\/?page_id=43","title":{"rendered":"Schie\u00dfordnung &#038; Preisschie\u00dfen"},"content":{"rendered":"<h2>Allgemeine Schie\u00dfordnung<\/h2>\n<ol>\n<li>Schie\u00dfberechtigt ist jedes Vereinsmitglied.<br \/>\nF\u00fcr das Preisschie\u00dfen ist keine Mitgliedschaft erforderlich, jedoch muss der Sch\u00fctze<br \/>\nein Mindestalter von 12 Jahren haben.Allgemeine Bedingungen bei Schie\u00dfveranstaltungen<\/li>\n<li>Die Mitgliedschaft mit Versicherungsschutz beginnt am Tag der Anmeldung beim<br \/>\nKassierer.<\/li>\n<li>Um ein reibungsloses und den Sicherheitsvorschriften entsprechendes Schie\u00dfen zu<br \/>\ngew\u00e4hrleisten, sind die Anordnungen des Diensthabenden zu befolgen.<\/li>\n<li>Bei Unstimmigkeiten entscheidet der diensthabende Schie\u00dfwart.<\/li>\n<li>Geschossen wird auf Stand 1, 2, 3, 4, 5 und 6. Gewehre sind f\u00fcr den entsprechenden<br \/>\nStand gekennzeichnet.<\/li>\n<li>Auswertung:<br \/>\nBei allen Wettbewerben wird nur mit vereinseigenen Gewehren geschossen.<br \/>\nBei allen Wettbewerben, au\u00dfer dem Sch\u00fctzenschnurschie\u00dfen, wird mit der<br \/>\nAuswertmaschine mit Zehntelwertung ausgewertet.<br \/>\nBei einigen Wettbewerben wird zus\u00e4tzlich mit Teilerwertung ausgewertet.<br \/>\nTeilerschie\u00dfen bedeutet, dass die 10 vom Rand zum Zentrum in 250 Teilabschnitte<br \/>\nunterteilt ist. Ein Schuss am Rand hat den Teiler 250; ins Zentrum den Teiler 1.<br \/>\nZiel ist es, ein kleinstm\u00f6gliches Teilerergebnis zu erreichen. Hierbei wird, auch bei<br \/>\nmehreren Streifen, nur der beste Schuss gewertet<\/li>\n<li>Auf jeden Spiegel muss und darf nur ein Schuss abgegeben werden, ansonsten ist der<br \/>\nStreifen ung\u00fcltig.<\/li>\n<\/ol>\n<p>(Stand: November 2014)<\/p>\n<hr>\n<h2>Modus f\u00fcr das Prei\u00dfschie\u00dfen beim Sch\u00fctzenfest<\/h2>\n<ol>\n<li>Schie\u00dfzeiten:<br \/>\nam Sonntag von 15:30 bis 19:00 Uhr<br \/>\nam Montag von 10:00 bis 11:00 Uhr,<br \/>\nStechschie\u00dfen am Montag ab 11:00 Uhr.<br \/>\nPreisverteilung: Nach dem Stechschie\u00dfen.<\/li>\n<li>Ein Satz kostet 1,00 \u20ac, der Stechsatz 0,50 \u20ac<\/li>\n<li>Es wird ausschlie\u00dflich, auch im Stechen, pro Satz 5 Schuss auf 5er Streifen mit 10er<br \/>\nRingscheiben (Olympiaspiegel) geschossen. Die Streifennummer ist in der<br \/>\nSchie\u00dfkladde zu notieren.<\/li>\n<li>Auf jeden Spiegel muss und darf nur ein Schuss abgegeben werden, ansonsten ist der<br \/>\nStreifen ung\u00fcltig.<\/li>\n<li>Die Auswertung der Streifen erfolgt direkt nach dem Schie\u00dfen. Sie wird mit der<br \/>\nAuswertmaschine mit Zehntel- und Teilerwertung durchgef\u00fchrt. (Teilereinstellung<br \/>\n250). Das Teilerergebnis wird in die Liste eingetragen<\/li>\n<li>Stechen:<br \/>\nWenn am Montag um 11:00 Uhr das Stechschie\u00dfen beginnt, ist ein Probestreifen vor<br \/>\ndem Stechsatz erlaubt.<\/li>\n<li>Anmerkung Teilerschie\u00dfen:<br \/>\nTeilerschie\u00dfen bedeutet, dass die 10 vom Rand zum Zentrum in 250 Teilabschnitte<br \/>\nunterteilt ist. Ein Schuss am Rand der 10 hat den Teiler 250; ins Zentrum den Teiler 1.<br \/>\nZiel ist es, ein kleinstm\u00f6gliches Teilerergebnis zu erreichen. Hierbei wird, auch bei<br \/>\nmehreren Streifen, nur der beste Schuss gewertet.<\/li>\n<\/ol>\n<p>(Stand: Januar 2012)<\/p>\n<hr>\n<h2>&nbsp;Modus f\u00fcr das Seniorenschie\u00dfen<\/h2>\n<ol>\n<li>Schie\u00dfzeiten: Jeden 1. Dienstag im Monat, ab 19:00 Uhr<\/li>\n<li>Die Aufsicht erfolgt laut Aufsichtsplan.<\/li>\n<li>Teilnahmeberechtigt sind alle Vereinsmitglieder ab 60 Jahre.<\/li>\n<li>Es wird ausschlie\u00dflich auf 5er Streifen mit 10er Ringscheiben (Olympiaspiegel) geschossen.<\/li>\n<\/ol>\n<p>(Stand: Januar 2012)<\/p>\n<hr>\n<h2>Modus f\u00fcr das Weihnachtspreisschie\u00dfen<\/h2>\n<ol>\n<li>Schie\u00dfzeiten:<br \/>\nam 1. Sonntag von 10:00 bis 12:00 Uhr<br \/>\nund von 17:00 bis 20:00 Uhr und<br \/>\nam 2. Sonntag von 17:00 bis 20:00 Uhr,<br \/>\nanschlie\u00dfend Stechschie\u00dfen.<\/li>\n<li>Ein Satz kostet 1,00 \u20ac, der Stechsatz 0,50 \u20ac.<\/li>\n<li>Es wird ausschlie\u00dflich, auch im Stechen, pro Satz 5 Schuss auf 5er Streifen mit 10er<br \/>\nRingscheiben (Olympiaspiegel) geschossen. Die Streifennummer ist in der Schie\u00dfkladde zu notieren.<\/li>\n<li>Auf jeden Spiegel muss und darf nur ein Schuss abgegeben werden, ansonsten ist der<br \/>\nStreifen ung\u00fcltig.<\/li>\n<li>Die Auswertung der Streifen erfolgt direkt nach dem Schie\u00dfen. Sie wird mit der Auswertmaschine mit Zehntel- und Teilerwertung durchgef\u00fchrt. (Teilereinstellung 250). Das Teilerergebnis wird in die Liste eingetragen.<\/li>\n<li>Der Tagesbeste erh\u00e4lt einen Preis.<\/li>\n<li>Stechen:<br \/>\nWenn am 2. Schie\u00dfsonntag ab 18:00 Uhr das Stechschie\u00dfen beginnt, ist ein Probestreifen vor dem Stechsatz erlaubt.<\/li>\n<li>Anmerkung Teilerschie\u00dfen:<br \/>\nTeilerschie\u00dfen bedeutet, dass die 10 vom Rand zum Zentrum in 250 Teilabschnitte unterteilt ist. Ein Schuss am Rand der 10 hat den Teiler 250; ins Zentrum den Teiler 1. Ziel ist es, ein kleinstm\u00f6gliches Teilerergebnis zu erreichen. Hierbei wird, auch bei mehreren Streifen, nur der beste Schuss gewertet.<\/li>\n<\/ol>\n<p>(Stand: September 2022)<\/p>\n","protected":false},"excerpt":{"rendered":"<p>Allgemeine Schie\u00dfordnung Schie\u00dfberechtigt ist jedes Vereinsmitglied. F\u00fcr das Preisschie\u00dfen ist keine Mitgliedschaft erforderlich, jedoch muss der Sch\u00fctze ein Mindestalter von 12 Jahren haben.Allgemeine Bedingungen bei Schie\u00dfveranstaltungen Die Mitgliedschaft mit Versicherungsschutz beginnt am Tag der Anmeldung beim Kassierer. Um ein reibungsloses und den Sicherheitsvorschriften entsprechendes Schie\u00dfen zu gew\u00e4hrleisten, sind die Anordnungen des Diensthabenden zu befolgen. Bei [&hellip;]<\/p>\n","protected":false},"author":1,"featured_media":0,"parent":41,"menu_order":0,"comment_status":"closed","ping_status":"closed","template":"","meta":{"footnotes":""},"class_list":["post-43","page","type-page","status-publish","hentry"],"jetpack_shortlink":"https:\/\/wp.me\/P7FRCD-H","jetpack_sharing_enabled":true,"_links":{"self":[{"href":"https:\/\/www.svruehlerfeld.de\/index.php?rest_route=\/wp\/v2\/pages\/43","targetHints":{"allow":["GET"]}}],"collection":[{"href":"https:\/\/www.svruehlerfeld.de\/index.php?rest_route=\/wp\/v2\/pages"}],"about":[{"href":"https:\/\/www.svruehlerfeld.de\/index.php?rest_route=\/wp\/v2\/types\/page"}],"author":[{"embeddable":true,"href":"https:\/\/www.svruehlerfeld.de\/index.php?rest_route=\/wp\/v2\/users\/1"}],"replies":[{"embeddable":true,"href":"https:\/\/www.svruehlerfeld.de\/index.php?rest_route=%2Fwp%2Fv2%2Fcomments&post=43"}],"version-history":[{"count":18,"href":"https:\/\/www.svruehlerfeld.de\/index.php?rest_route=\/wp\/v2\/pages\/43\/revisions"}],"predecessor-version":[{"id":1549,"href":"https:\/\/www.svruehlerfeld.de\/index.php?rest_route=\/wp\/v2\/pages\/43\/revisions\/1549"}],"up":[{"embeddable":true,"href":"https:\/\/www.svruehlerfeld.de\/index.php?rest_route=\/wp\/v2\/pages\/41"}],"wp:attachment":[{"href":"https:\/\/www.svruehlerfeld.de\/index.php?rest_route=%2Fwp%2Fv2%2Fmedia&parent=43"}],"curies":[{"name":"wp","href":"https:\/\/api.w.org\/{rel}","templated":true}]}}