{"id":389,"date":"2015-03-07T19:08:25","date_gmt":"2015-03-07T18:08:25","guid":{"rendered":"http:\/\/www.svruehlerfeld.de\/?page_id=389"},"modified":"2015-03-07T19:39:25","modified_gmt":"2015-03-07T18:39:25","slug":"die-vereinsfahne","status":"publish","type":"page","link":"https:\/\/www.svruehlerfeld.de\/?page_id=389","title":{"rendered":"Die Vereinsfahne"},"content":{"rendered":"<p>Schon auf einer der ersten Mitgliederversammlungen, am 01.Februar 1953, wurde die Anschaffung einer Vereinsfahne beschlossen. Unsere Sch\u00fctzenbr\u00fcder beauftragten hierzu die Bonner Fahnenfabrik, welche die heutige Vereinsfahne zu einem damals stolzen Preis von 150,0 DM anfertigte. Nach kleineren \u00c4nderungen konnte die Fahne dann am 11.07.1954 im Anschluss an das Hochamt geweiht werden.<\/p>\n<div style=\"clear: both;\">\n<div id=\"attachment_391\" style=\"width: 360px\" class=\"wp-caption aligncenter\"><a href=\"https:\/\/www.svruehlerfeld.de\/wp-content\/uploads\/2015\/03\/fahnentraeger.jpg\"><img loading=\"lazy\" decoding=\"async\" aria-describedby=\"caption-attachment-391\" class=\"wp-image-391\" src=\"https:\/\/www.svruehlerfeld.de\/wp-content\/uploads\/2015\/03\/fahnentraeger-727x1024.jpg\" alt=\"Stolz pr\u00e4sentieren die Fahnentr\u00e4ger unsere Vereinsfahne\" width=\"350\" height=\"493\" srcset=\"https:\/\/www.svruehlerfeld.de\/wp-content\/uploads\/2015\/03\/fahnentraeger-727x1024.jpg 727w, https:\/\/www.svruehlerfeld.de\/wp-content\/uploads\/2015\/03\/fahnentraeger-213x300.jpg 213w, https:\/\/www.svruehlerfeld.de\/wp-content\/uploads\/2015\/03\/fahnentraeger-624x879.jpg 624w, https:\/\/www.svruehlerfeld.de\/wp-content\/uploads\/2015\/03\/fahnentraeger.jpg 1917w\" sizes=\"auto, (max-width: 350px) 100vw, 350px\" \/><\/a><p id=\"caption-attachment-391\" class=\"wp-caption-text\">Stolz pr\u00e4sentieren die Fahnentr\u00e4ger unsere Vereinsfahne<\/p><\/div>\n<\/div>\n<div id=\"attachment_394\" style=\"width: 310px\" class=\"wp-caption alignleft\"><a href=\"https:\/\/www.svruehlerfeld.de\/wp-content\/uploads\/2015\/03\/fahne_front.jpg\"><img loading=\"lazy\" decoding=\"async\" aria-describedby=\"caption-attachment-394\" class=\"size-medium wp-image-394\" src=\"https:\/\/www.svruehlerfeld.de\/wp-content\/uploads\/2015\/03\/fahne_front-300x300.jpg\" alt=\"Die Vorderseite unserer Vereinsfahne\" width=\"300\" height=\"300\" srcset=\"https:\/\/www.svruehlerfeld.de\/wp-content\/uploads\/2015\/03\/fahne_front-300x300.jpg 300w, https:\/\/www.svruehlerfeld.de\/wp-content\/uploads\/2015\/03\/fahne_front-150x150.jpg 150w, https:\/\/www.svruehlerfeld.de\/wp-content\/uploads\/2015\/03\/fahne_front.jpg 512w\" sizes=\"auto, (max-width: 300px) 100vw, 300px\" \/><\/a><p id=\"caption-attachment-394\" class=\"wp-caption-text\">Die Vorderseite unserer Vereinsfahne<\/p><\/div>\n<p>Die Vorderseite der Fahne tr\u00e4gt die Beschriftung &#8222;Sch\u00fctzenverein R\u00fchlerfeld&#8220; und die Jahreszahl &#8222;1953&#8220;, das Gr\u00fcndungsjahr unseres Sch\u00fctzenvereins. Als Motiv w\u00e4hlte man die Zielscheibe mit den gekreuzten Gewehren, ein f\u00fcr Sch\u00fctzenvereine \u00fcbliches Symbol. Dar\u00fcber befindet sich ein Adler mit weit ausgebreiteten Schwingen, wobei das Motiv von Eichenlaub umrahmt wird.<\/p>\n<div style=\"clear: both;\">\n<div id=\"attachment_393\" style=\"width: 305px\" class=\"wp-caption alignright\"><a href=\"https:\/\/www.svruehlerfeld.de\/wp-content\/uploads\/2015\/03\/fahne_back.jpg\"><img loading=\"lazy\" decoding=\"async\" aria-describedby=\"caption-attachment-393\" class=\"size-medium wp-image-393\" src=\"https:\/\/www.svruehlerfeld.de\/wp-content\/uploads\/2015\/03\/fahne_back-295x300.jpg\" alt=\"Die R\u00fcckseite unserer Vereinsfahne, &quot;Einigkeit macht stark&quot;\" width=\"295\" height=\"300\" srcset=\"https:\/\/www.svruehlerfeld.de\/wp-content\/uploads\/2015\/03\/fahne_back-295x300.jpg 295w, https:\/\/www.svruehlerfeld.de\/wp-content\/uploads\/2015\/03\/fahne_back.jpg 380w\" sizes=\"auto, (max-width: 295px) 100vw, 295px\" \/><\/a><p id=\"caption-attachment-393\" class=\"wp-caption-text\">Die R\u00fcckseite unserer Vereinsfahne, &#8222;Einigkeit macht stark&#8220;<\/p><\/div>\n<\/div>\n<p>Die R\u00fcckseite unserer Vereinsfahne tr\u00e4gt ein f\u00fcr die Region bezeichnendes Motiv. W\u00e4hrend vordergr\u00fcndig ein S\u00e4mann bei der Verrichtung seiner arbeit auf dem Felde zu sehen ist, zeichnen sich im Hintergrund die f\u00fcr die Region typischen \u00d6lf\u00f6rderanlagen der damals rasch expandierenden \u00d6lindustrie ab. Bohrt\u00fcrme, Tankanlagen und Werksgeb\u00e4ude zieren den Hintergrund der Fahne. Eingefasst wird das Motiv von dem Text: &#8222;Einigkeit macht stark&#8220;. Wie auch das Motiv schon vermuten l\u00e4sst, ist hier die Einigkeit und die Zusammengeh\u00f6rigkeit zwischen der Landwirtschaft (den Alteingesessenen) und der Industrie (den Neuzugezogenen) gemeint.<\/p>\n","protected":false},"excerpt":{"rendered":"<p>Schon auf einer der ersten Mitgliederversammlungen, am 01.Februar 1953, wurde die Anschaffung einer Vereinsfahne beschlossen. Unsere Sch\u00fctzenbr\u00fcder beauftragten hierzu die Bonner Fahnenfabrik, welche die heutige Vereinsfahne zu einem damals stolzen Preis von 150,0 DM anfertigte. Nach kleineren \u00c4nderungen konnte die Fahne dann am 11.07.1954 im Anschluss an das Hochamt geweiht werden. Die Vorderseite der Fahne [&hellip;]<\/p>\n","protected":false},"author":1,"featured_media":0,"parent":19,"menu_order":0,"comment_status":"closed","ping_status":"closed","template":"","meta":{"jetpack_post_was_ever_published":false,"footnotes":""},"class_list":["post-389","page","type-page","status-publish","hentry"],"jetpack_shortlink":"https:\/\/wp.me\/P7FRCD-6h","jetpack_sharing_enabled":true,"_links":{"self":[{"href":"https:\/\/www.svruehlerfeld.de\/index.php?rest_route=\/wp\/v2\/pages\/389","targetHints":{"allow":["GET"]}}],"collection":[{"href":"https:\/\/www.svruehlerfeld.de\/index.php?rest_route=\/wp\/v2\/pages"}],"about":[{"href":"https:\/\/www.svruehlerfeld.de\/index.php?rest_route=\/wp\/v2\/types\/page"}],"author":[{"embeddable":true,"href":"https:\/\/www.svruehlerfeld.de\/index.php?rest_route=\/wp\/v2\/users\/1"}],"replies":[{"embeddable":true,"href":"https:\/\/www.svruehlerfeld.de\/index.php?rest_route=%2Fwp%2Fv2%2Fcomments&post=389"}],"version-history":[{"count":23,"href":"https:\/\/www.svruehlerfeld.de\/index.php?rest_route=\/wp\/v2\/pages\/389\/revisions"}],"predecessor-version":[{"id":420,"href":"https:\/\/www.svruehlerfeld.de\/index.php?rest_route=\/wp\/v2\/pages\/389\/revisions\/420"}],"up":[{"embeddable":true,"href":"https:\/\/www.svruehlerfeld.de\/index.php?rest_route=\/wp\/v2\/pages\/19"}],"wp:attachment":[{"href":"https:\/\/www.svruehlerfeld.de\/index.php?rest_route=%2Fwp%2Fv2%2Fmedia&parent=389"}],"curies":[{"name":"wp","href":"https:\/\/api.w.org\/{rel}","templated":true}]}}

<p>Schon auf einer der ersten Mitgliederversammlungen, am 01.Februar 1953, wurde die Anschaffung einer Vereinsfahne beschlossen. Unsere Schützenbrüder beauftragten hierzu die Bonner Fahnenfabrik, welche die heutige Vereinsfahne zu einem damals stolzen Preis von 150,0 DM anfertigte. Nach kleineren Änderungen konnte die Fahne dann am 11.07.1954 im Anschluss an das Hochamt geweiht werden.</p>
<div style="clear: both;">
<div id="attachment_391" style="width: 360px" class="wp-caption aligncenter"><a href="https://www.svruehlerfeld.de/wp-content/uploads/2015/03/fahnentraeger.jpg"><img loading="lazy" decoding="async" aria-describedby="caption-attachment-391" class="wp-image-391" src="https://www.svruehlerfeld.de/wp-content/uploads/2015/03/fahnentraeger-727x1024.jpg" alt="Stolz präsentieren die Fahnenträger unsere Vereinsfahne" width="350" height="493" srcset="https://www.svruehlerfeld.de/wp-content/uploads/2015/03/fahnentraeger-727x1024.jpg 727w, https://www.svruehlerfeld.de/wp-content/uploads/2015/03/fahnentraeger-213x300.jpg 213w, https://www.svruehlerfeld.de/wp-content/uploads/2015/03/fahnentraeger-624x879.jpg 624w, https://www.svruehlerfeld.de/wp-content/uploads/2015/03/fahnentraeger.jpg 1917w" sizes="auto, (max-width: 350px) 100vw, 350px" /></a><p id="caption-attachment-391" class="wp-caption-text">Stolz präsentieren die Fahnenträger unsere Vereinsfahne</p></div>
</div>
<div id="attachment_394" style="width: 310px" class="wp-caption alignleft"><a href="https://www.svruehlerfeld.de/wp-content/uploads/2015/03/fahne_front.jpg"><img loading="lazy" decoding="async" aria-describedby="caption-attachment-394" class="size-medium wp-image-394" src="https://www.svruehlerfeld.de/wp-content/uploads/2015/03/fahne_front-300x300.jpg" alt="Die Vorderseite unserer Vereinsfahne" width="300" height="300" srcset="https://www.svruehlerfeld.de/wp-content/uploads/2015/03/fahne_front-300x300.jpg 300w, https://www.svruehlerfeld.de/wp-content/uploads/2015/03/fahne_front-150x150.jpg 150w, https://www.svruehlerfeld.de/wp-content/uploads/2015/03/fahne_front.jpg 512w" sizes="auto, (max-width: 300px) 100vw, 300px" /></a><p id="caption-attachment-394" class="wp-caption-text">Die Vorderseite unserer Vereinsfahne</p></div>
<p>Die Vorderseite der Fahne trägt die Beschriftung &#8222;Schützenverein Rühlerfeld&#8220; und die Jahreszahl &#8222;1953&#8220;, das Gründungsjahr unseres Schützenvereins. Als Motiv wählte man die Zielscheibe mit den gekreuzten Gewehren, ein für Schützenvereine übliches Symbol. Darüber befindet sich ein Adler mit weit ausgebreiteten Schwingen, wobei das Motiv von Eichenlaub umrahmt wird.</p>
<div style="clear: both;">
<div id="attachment_393" style="width: 305px" class="wp-caption alignright"><a href="https://www.svruehlerfeld.de/wp-content/uploads/2015/03/fahne_back.jpg"><img loading="lazy" decoding="async" aria-describedby="caption-attachment-393" class="size-medium wp-image-393" src="https://www.svruehlerfeld.de/wp-content/uploads/2015/03/fahne_back-295x300.jpg" alt="Die Rückseite unserer Vereinsfahne, &quot;Einigkeit macht stark&quot;" width="295" height="300" srcset="https://www.svruehlerfeld.de/wp-content/uploads/2015/03/fahne_back-295x300.jpg 295w, https://www.svruehlerfeld.de/wp-content/uploads/2015/03/fahne_back.jpg 380w" sizes="auto, (max-width: 295px) 100vw, 295px" /></a><p id="caption-attachment-393" class="wp-caption-text">Die Rückseite unserer Vereinsfahne, &#8222;Einigkeit macht stark&#8220;</p></div>
</div>
<p>Die Rückseite unserer Vereinsfahne trägt ein für die Region bezeichnendes Motiv. Während vordergründig ein Sämann bei der Verrichtung seiner arbeit auf dem Felde zu sehen ist, zeichnen sich im Hintergrund die für die Region typischen Ölförderanlagen der damals rasch expandierenden Ölindustrie ab. Bohrtürme, Tankanlagen und Werksgebäude zieren den Hintergrund der Fahne. Eingefasst wird das Motiv von dem Text: &#8222;Einigkeit macht stark&#8220;. Wie auch das Motiv schon vermuten lässt, ist hier die Einigkeit und die Zusammengehörigkeit zwischen der Landwirtschaft (den Alteingesessenen) und der Industrie (den Neuzugezogenen) gemeint.</p>

<p>Schon auf einer der ersten Mitgliederversammlungen, am 01.Februar 1953, wurde die Anschaffung einer Vereinsfahne beschlossen. Unsere Schützenbrüder beauftragten hierzu die Bonner Fahnenfabrik, welche die heutige Vereinsfahne zu einem damals stolzen Preis von 150,0 DM anfertigte. Nach kleineren Änderungen konnte die Fahne dann am 11.07.1954 im Anschluss an das Hochamt geweiht werden. Die Vorderseite der Fahne [&hellip;]</p>
