{"id":25,"date":"2014-10-17T10:48:28","date_gmt":"2014-10-17T09:48:28","guid":{"rendered":"http:\/\/192.168.0.15\/?page_id=25"},"modified":"2025-07-22T14:33:42","modified_gmt":"2025-07-22T13:33:42","slug":"der-vorstand","status":"publish","type":"page","link":"https:\/\/www.svruehlerfeld.de\/?page_id=25","title":{"rendered":"Die Vereinsf\u00fchrung"},"content":{"rendered":"<p><img loading=\"lazy\" decoding=\"async\" src=\"https:\/\/www.svruehlerfeld.de\/wp-content\/uploads\/2025\/07\/img_6329-1.jpg\" class=\"size-full wp-image-1956\" width=\"1500\" height=\"2000\" srcset=\"https:\/\/www.svruehlerfeld.de\/wp-content\/uploads\/2025\/07\/img_6329-1.jpg 1500w, https:\/\/www.svruehlerfeld.de\/wp-content\/uploads\/2025\/07\/img_6329-1-225x300.jpg 225w, https:\/\/www.svruehlerfeld.de\/wp-content\/uploads\/2025\/07\/img_6329-1-768x1024.jpg 768w, https:\/\/www.svruehlerfeld.de\/wp-content\/uploads\/2025\/07\/img_6329-1-1152x1536.jpg 1152w, https:\/\/www.svruehlerfeld.de\/wp-content\/uploads\/2025\/07\/img_6329-1-624x832.jpg 624w\" sizes=\"auto, (max-width: 1500px) 100vw, 1500px\" \/><\/p>\n<figure id=\"attachment_973\" align=\"aligncenter\" width=\"625\"><figcaption>Steffen Sobback, Markus Egbers, Fabian Kirstein, Daniel Bentlage, Christian Koiter, Oliver Bentlage Stefan M\u00f6llerhaus und Simon Lemper (von links)<\/figcaption><\/figure>\n<p style=\"text-align: center\">1. Vorsitzender: Stefan M\u00f6llerhaus<\/p>\n<p style=\"text-align: center\">2. Vorsitzender: Daniel Bentlage<\/p>\n<p style=\"text-align: center\">1. Kassenwart: Simon Lemper<\/p>\n<p style=\"text-align: center\">2. Kassenwart: Fabian Kirstein<\/p>\n<p style=\"text-align: center\">1. Schriftf\u00fchrer: Markus Egbers<\/p>\n<p style=\"text-align: center\">2. Schriftf\u00fchrer: Christian Koiter<\/p>\n<p style=\"text-align: center\">1. Vorsitzender vom Festausschuss: Oliver Bentlage<\/p>\n<p style=\"text-align: center\">Beisitzer: Steffen Sobback<\/p>\n","protected":false},"excerpt":{"rendered":"<p>Steffen Sobback, Markus Egbers, Fabian Kirstein, Daniel Bentlage, Christian Koiter, Oliver Bentlage Stefan M\u00f6llerhaus und Simon Lemper (von links) 1. Vorsitzender: Stefan M\u00f6llerhaus 2. Vorsitzender: Daniel Bentlage 1. Kassenwart: Simon Lemper 2. Kassenwart: Fabian Kirstein 1. Schriftf\u00fchrer: Markus Egbers 2. Schriftf\u00fchrer: Christian Koiter 1. Vorsitzender vom Festausschuss: Oliver Bentlage Beisitzer: Steffen Sobback<\/p>\n","protected":false},"author":1,"featured_media":0,"parent":19,"menu_order":0,"comment_status":"closed","ping_status":"closed","template":"","meta":{"jetpack_post_was_ever_published":false,"footnotes":""},"class_list":["post-25","page","type-page","status-publish","hentry"],"jetpack_shortlink":"https:\/\/wp.me\/P7FRCD-p","jetpack_sharing_enabled":true,"_links":{"self":[{"href":"https:\/\/www.svruehlerfeld.de\/index.php?rest_route=\/wp\/v2\/pages\/25","targetHints":{"allow":["GET"]}}],"collection":[{"href":"https:\/\/www.svruehlerfeld.de\/index.php?rest_route=\/wp\/v2\/pages"}],"about":[{"href":"https:\/\/www.svruehlerfeld.de\/index.php?rest_route=\/wp\/v2\/types\/page"}],"author":[{"embeddable":true,"href":"https:\/\/www.svruehlerfeld.de\/index.php?rest_route=\/wp\/v2\/users\/1"}],"replies":[{"embeddable":true,"href":"https:\/\/www.svruehlerfeld.de\/index.php?rest_route=%2Fwp%2Fv2%2Fcomments&post=25"}],"version-history":[{"count":26,"href":"https:\/\/www.svruehlerfeld.de\/index.php?rest_route=\/wp\/v2\/pages\/25\/revisions"}],"predecessor-version":[{"id":1957,"href":"https:\/\/www.svruehlerfeld.de\/index.php?rest_route=\/wp\/v2\/pages\/25\/revisions\/1957"}],"up":[{"embeddable":true,"href":"https:\/\/www.svruehlerfeld.de\/index.php?rest_route=\/wp\/v2\/pages\/19"}],"wp:attachment":[{"href":"https:\/\/www.svruehlerfeld.de\/index.php?rest_route=%2Fwp%2Fv2%2Fmedia&parent=25"}],"curies":[{"name":"wp","href":"https:\/\/api.w.org\/{rel}","templated":true}]}}

Die Vereinsführung

<p><img loading="lazy" decoding="async" src="https://www.svruehlerfeld.de/wp-content/uploads/2025/07/img_6329-1.jpg" class="size-full wp-image-1956" width="1500" height="2000" srcset="https://www.svruehlerfeld.de/wp-content/uploads/2025/07/img_6329-1.jpg 1500w, https://www.svruehlerfeld.de/wp-content/uploads/2025/07/img_6329-1-225x300.jpg 225w, https://www.svruehlerfeld.de/wp-content/uploads/2025/07/img_6329-1-768x1024.jpg 768w, https://www.svruehlerfeld.de/wp-content/uploads/2025/07/img_6329-1-1152x1536.jpg 1152w, https://www.svruehlerfeld.de/wp-content/uploads/2025/07/img_6329-1-624x832.jpg 624w" sizes="auto, (max-width: 1500px) 100vw, 1500px" /></p>
<figure id="attachment_973" align="aligncenter" width="625"><figcaption>Steffen Sobback, Markus Egbers, Fabian Kirstein, Daniel Bentlage, Christian Koiter, Oliver Bentlage Stefan Möllerhaus und Simon Lemper (von links)</figcaption></figure>
<p style="text-align: center">1. Vorsitzender: Stefan Möllerhaus</p>
<p style="text-align: center">2. Vorsitzender: Daniel Bentlage</p>
<p style="text-align: center">1. Kassenwart: Simon Lemper</p>
<p style="text-align: center">2. Kassenwart: Fabian Kirstein</p>
<p style="text-align: center">1. Schriftführer: Markus Egbers</p>
<p style="text-align: center">2. Schriftführer: Christian Koiter</p>
<p style="text-align: center">1. Vorsitzender vom Festausschuss: Oliver Bentlage</p>
<p style="text-align: center">Beisitzer: Steffen Sobback</p>

<p>Steffen Sobback, Markus Egbers, Fabian Kirstein, Daniel Bentlage, Christian Koiter, Oliver Bentlage Stefan Möllerhaus und Simon Lemper (von links) 1. Vorsitzender: Stefan Möllerhaus 2. Vorsitzender: Daniel Bentlage 1. Kassenwart: Simon Lemper 2. Kassenwart: Fabian Kirstein 1. Schriftführer: Markus Egbers 2. Schriftführer: Christian Koiter 1. Vorsitzender vom Festausschuss: Oliver Bentlage Beisitzer: Steffen Sobback</p>
