{"id":19,"date":"2014-10-17T11:32:07","date_gmt":"2014-10-17T09:32:07","guid":{"rendered":"http:\/\/192.168.0.15\/?page_id=19"},"modified":"2015-05-12T20:58:14","modified_gmt":"2015-05-12T19:58:14","slug":"der-verein","status":"publish","type":"page","link":"https:\/\/www.svruehlerfeld.de\/?page_id=19","title":{"rendered":"Der Verein"},"content":{"rendered":"<p><span style=\"font-family: Arial;\"> Der gr\u00f6\u00dfte R\u00fchlerfelder Verein ist der Sch\u00fctzenverein St. Hubertus R\u00fchlerfeld. Er wurde 1953 gegr\u00fcndet und feierte im Jahr 2003 das 50-j\u00e4hrige Jubil\u00e4um. Beitreten k\u00f6nnen ihm alle m\u00e4nnlichen Personen ab dem 16. Lebensjahr. Zur Zeit hat der Sch\u00fctzenverein \u00fcber 200 Mitglieder. <\/span><\/p>\n<p><span style=\"font-family: Arial;\"> Der Verein hat die Aufgabe, die Geselligkeit zu pflegen, Schie\u00dfsport zu betreiben und das heimatliche Brauchtum zu pflegen. So gedenkt der Sch\u00fctzenverein am Volkstrauertag den, in den Kriegen gefallenden Dorfbewohnern. Am Ehrenmal, welches sich unter dem Glockenturm der Hl. Kreuz Kirche befindet, findet hierf\u00fcr eine Kranzniederlegung statt. Auch h\u00e4lt ein Vertreter der politischen Gemeinde eine Gedenkansprache.<br \/>\n<\/span>Auch viele andere Veranstaltungen werden unter der Leitung des Sch\u00fctzenvereins durchgef\u00fchrt, wie Doppelkopfturniere, Adventfeiern, Bosseltouren sowie die Ausrichtung von Sch\u00fctzen- und Winterfest. Hierzu tragen neben dem Vorstand nat\u00fcrlich auch die \u00fcbrigen Mitglieder des Vereins, unter Federf\u00fchrung des Festausschusses, an dem Gelingen der Veranstaltungen mit.<\/p>\n<h3>Satzung<\/h3>\n<p><a href=\"https:\/\/www.svruehlerfeld.de\/wp-content\/uploads\/2014\/10\/Vereinssatzung_Stand_2011.pdf\" target=\"_blank\">Download: Vereinssatzung <\/a><\/p>\n<h3>Beitrittserkl\u00e4rung<\/h3>\n<p><a href=\"https:\/\/www.svruehlerfeld.de\/wp-content\/uploads\/2015\/05\/Beitrittserklaerung.pdf\" target=\"_blank\">Download: Beitrittserkl\u00e4rung<\/a><\/p>\n","protected":false},"excerpt":{"rendered":"<p>Der gr\u00f6\u00dfte R\u00fchlerfelder Verein ist der Sch\u00fctzenverein St. Hubertus R\u00fchlerfeld. Er wurde 1953 gegr\u00fcndet und feierte im Jahr 2003 das 50-j\u00e4hrige Jubil\u00e4um. Beitreten k\u00f6nnen ihm alle m\u00e4nnlichen Personen ab dem 16. Lebensjahr. Zur Zeit hat der Sch\u00fctzenverein \u00fcber 200 Mitglieder. Der Verein hat die Aufgabe, die Geselligkeit zu pflegen, Schie\u00dfsport zu betreiben und das heimatliche [&hellip;]<\/p>\n","protected":false},"author":1,"featured_media":0,"parent":0,"menu_order":0,"comment_status":"closed","ping_status":"closed","template":"","meta":{"jetpack_post_was_ever_published":false,"footnotes":""},"class_list":["post-19","page","type-page","status-publish","hentry"],"jetpack_shortlink":"https:\/\/wp.me\/P7FRCD-j","jetpack_sharing_enabled":true,"_links":{"self":[{"href":"https:\/\/www.svruehlerfeld.de\/index.php?rest_route=\/wp\/v2\/pages\/19","targetHints":{"allow":["GET"]}}],"collection":[{"href":"https:\/\/www.svruehlerfeld.de\/index.php?rest_route=\/wp\/v2\/pages"}],"about":[{"href":"https:\/\/www.svruehlerfeld.de\/index.php?rest_route=\/wp\/v2\/types\/page"}],"author":[{"embeddable":true,"href":"https:\/\/www.svruehlerfeld.de\/index.php?rest_route=\/wp\/v2\/users\/1"}],"replies":[{"embeddable":true,"href":"https:\/\/www.svruehlerfeld.de\/index.php?rest_route=%2Fwp%2Fv2%2Fcomments&post=19"}],"version-history":[{"count":10,"href":"https:\/\/www.svruehlerfeld.de\/index.php?rest_route=\/wp\/v2\/pages\/19\/revisions"}],"predecessor-version":[{"id":433,"href":"https:\/\/www.svruehlerfeld.de\/index.php?rest_route=\/wp\/v2\/pages\/19\/revisions\/433"}],"wp:attachment":[{"href":"https:\/\/www.svruehlerfeld.de\/index.php?rest_route=%2Fwp%2Fv2%2Fmedia&parent=19"}],"curies":[{"name":"wp","href":"https:\/\/api.w.org\/{rel}","templated":true}]}}